x*p. What is the hundreds digit of p?
1
Let b be 6 - 5 - (-1 + -46). Suppose -g = 5*i - 26, i - 88 = -4*g - 3*i. Suppose g = z - b. What is the tens digit of z?
6
Let y(a) = -2*a + 32. Let m be y(15). Suppose -m*s + 1889 - 240 = -5*v, 3*s - 2493 = v. What is the tens digit of s?
3
Suppose -2*m + 15970 = 110*l - 108*l, 0 = 4*l + 2*m - 31934. What is the tens digit of l?
8
Let w(t) = -8*t - 41. Let k(v) = v**3 - 6*v**2 - 4*v + 18. Let j be k(6). What is the units digit of w(j)?
7
Let c be 3/(-9*((-78)/(-27) + -3)). Suppose c*s = 2*t + 1614, -7*s = -3*s + 4*t - 2172. What is the units digit of s?
0
Suppose -d - 2*a + 40526 = -28190, -6*d = 5*a - 412331. What is the ten thousands digit of d?
6
Let f be -5*10/(-75)*-57. Let g = f + 43. Suppose g*s - 5*y - 173 = 192, -341 = -5*s - 3*y. What is the tens digit of s?
7
Let c = 7662 + 34836. What is the units digit of c?
8
Let r(z) = 6*z**3 + 5*z**2 - 3*z - 8. Suppose 4*g - 5*a - 28 + 1 = 0, -3*g - 3*a = 0. What is the tens digit of r(g)?
9
Let g(d) = -17*d + 55*d**2 + 23*d - 8*d. Let b be g(2). Suppose 5*k + 12 + 8 = 0, -k - b = -4*o. What is the units digit of o?
3
Let f(b) = 10*b**3 - b**2 - 2*b. Let z = 147 - 145. What is the units digit of f(z)?
2
Let y = 2572 + -1334. What is the hundreds digit of y?
2
Let z(w) = 10*w - 242. Let p be z(32). Let f = 296 + p. What is the hundreds digit of f?
3
Suppose 0 = 3*r + 16 + 65. Let d = r + 33. Suppose 0 = -j - d + 103. What is the tens digit of j?
9
Suppose -77*v + 19520 = -72*v. What is the thousands digit of v?
3
Suppose 7*s + 371 = 12*s + 2*j, 3*s + j - 223 = 0. Let r be -10*((-2)/4 + 0). Suppose d - r*d - g + 300 = 0, -d + g + s = 0. What is the tens digit of d?
7
Suppose 3*h + 3*g - 19509 = 0, -h - 2*g + 973 + 5527 = 0. What is the hundreds digit of h?
5
Suppose -5*w - j = -610, -268 = 5*w + 5*j - 858. Let m = w - 115. Suppose -m*v + 1036 - 412 = 0. What is the units digit of v?
8
Let b(c) = -260*c - 258. What is the hundreds digit of b(-21)?
2
Let r be 788/8*-3*12/(-9). Let d = 171 + r. Suppose -d = -5*s - 5*m, 3*m = 3*s + s - 438. What is the units digit of s?
1
Let r = -192 + 1704. Suppose 2*t - r = t + 5*g, 5*g = -2*t + 2979. What is the tens digit of t?
9
Let m be 18615/(-21) - 12/21. Let v = -554 - m. What is the units digit of v?
3
Let c(z) = 1929*z - 3335. What is the units digit of c(13)?
2
Let i = -2327 + 14011. What is the tens digit of i?
8
Let y(d) = -2*d - 30. Let a be y(-16). Suppose 0 = w + 4*m - 44, -62 + 168 = 4*w + a*m. What is the tens digit of w?
2
Let l(t) = -t**2 - 12*t + 23. Let d = 155 - 168. What is the units digit of l(d)?
0
Suppose 21 + 15 = 3*r + 5*i, -i + 24 = 3*r. Suppose -18*w + r*w + 847 = 0. What is the units digit of w?
7
Suppose 2*h = 5*i - 34622, 5*h = -3*i + 11047 + 9751. What is the hundreds digit of i?
9
Let q(l) = 259*l**2 + 22*l + 23. Let t be q(-1). What is the tens digit of (-29185)/t*-2*2?
4
Let t = -516 + 580. Let v(a) = -a**3 + 5*a**2 + 6*a + 4. Let y be v(-6). Suppose -y = -t*u + 60*u. What is the tens digit of u?
9
Let v = -117 + 117. Suppose v = -19*y + 15*y + 320. What is the units digit of y?
0
Let b be (-4*(-6)/(-5))/((-6)/40). Suppose w + b = 41. Let z = w - -30. What is the tens digit of z?
3
What is the units digit of 2 - 580713/(-12) - (-90)/(-120)?
4
Let f(b) = b**2 + b + 3. Let l(k) = 12*k - 42. Let m(y) = 4*f(y) + l(y). What is the hundreds digit of m(17)?
3
Suppose 19*t - 25*t = -18*t + 113376. What is the thousands digit of t?
9
Let s(u) be the first derivative of u**7/840 - u**6/360 + 11*u**4/3 - u**3 - 14. Let g(c) be the third derivative of s(c). What is the units digit of g(0)?
8
Suppose -1478 - 1888 = 6*b. Let j be (6/(-6))/((-3)/b). Let q = -83 - j. What is the tens digit of q?
0
Let p = 61 + -165. Suppose -2*m - 307 = 63. Let i = p - m. What is the units digit of i?
1
Let m(s) = -1349*s + 209. Let n be m(-8). Suppose 18*l - n - 3039 = 0. What is the units digit of l?
0
What is the units digit of 140189*(-17)/(-119) - (5 + -1)?
3
What is the tens digit of (9326/11)/((-151)/(-3322))?
5
What is the tens digit of -2*((-12)/(-16))/(27/(-17514))?
7
Let g(m) = -m**3 + 8*m**2 - 6*m + 16. Let r be g(7). Let t = r + 19. What is the units digit of t?
2
Let o(t) = 57 + 16*t - 8*t - t**2 - 70. Let h be o(3). Suppose 0 = 3*i - 7*i + d + 601, -5*i = -h*d - 755. What is the tens digit of i?
4
Suppose -44*g = 2*d - 43*g - 13, -2*d + 3*g + 1 = 0. Suppose 0 = -2*a + 6, -770 + 2965 = d*s + 5*a. What is the hundreds digit of s?
4
Let x be (3/3 - -17)*102/9. Suppose x*h = 193*h + 7205. What is the hundreds digit of h?
6
Let c(t) = -t**3 - 10*t**2 - 16*t + 4. Let z be c(-8). Suppose z*b - 2*s = 7712, 3*s = 5*b - s - 9640. What is the units digit of b?
8
Suppose 4*n - 163 = -7. Suppose 5*x + n = 59. What is the hundreds digit of (-3 + x)/(-1) + 240?
2
Suppose -31*f + 546 = -25*f. Suppose 184 = 3*x + f. What is the units digit of x?
1
Let o(g) = 4919*g**2 - 33*g - 72. What is the ten thousands digit of o(-2)?
1
Let f = 10102 + 771. What is the tens digit of f?
7
Let i be (0 + -5)/(6 + -7). Suppose -6*v - x = -2*v + 39, 2*v + 15 = -i*x. What is the units digit of (35/v)/(2/(-4))?
7
Let w = 37202 - 22854. What is the tens digit of w?
4
Suppose -269*g + 9904442 = 352*g - 188*g. What is the hundreds digit of g?
8
Let c(m) = -3*m**3 + 2*m**2 - 8*m - 42. Let d(a) = -2*a**3 - a - 1. Let o(q) = -c(q) + 4*d(q). What is the tens digit of o(-5)?
9
Let i = -22039 + 34778. What is the units digit of i?
9
Let i be 2*5*6/12. Suppose i*a + 404 + 146 = 0. What is the tens digit of a/6*2*(-30)/4?
7
Let y = -125 + 52. Let t = -73 - y. Suppose 56 = g - t*g. What is the units digit of g?
6
Let a = 148961 - 86942. What is the thousands digit of a?
2
Let i be -3 + (-378 - -4) + -3. Let l = -218 - i. Suppose 5*x + x - l = 0. What is the units digit of x?
7
Suppose -55255 = -5*r - 5*q, 31*r - 22102 = 29*r + q. What is the tens digit of r?
5
Let s = 188 - 185. Suppose 0 = 6*y - y + 3*t - 758, 3*t + 450 = s*y. What is the units digit of y?
1
Suppose -l + q + 4 = 0, -l + 17 = 3*l - 3*q. Let f(d) = 207*d - 51. What is the tens digit of f(l)?
8
Suppose 4*h - 3 = 1. Let o(s) = 371*s**3 + 24*s + 8. Let l(q) = 123*q**3 + 7*q + 2. Let f(a) = 7*l(a) - 2*o(a). What is the units digit of f(h)?
8
Let i(a) = -84*a**3 - 10*a**2 + 42*a + 91. What is the thousands digit of i(-7)?
8
Suppose -21*f + 23172 = -21936. Let u = f - 1192. What is the hundreds digit of u?
9
Suppose 2*h + 5102 = -5*x, 4*x - 10232 = -2*h + 6*h. Let i = -1612 - h. What is the hundreds digit of i?
9
Let f = -44461 - -63312. What is the units digit of f?
1
Suppose 81 = -25*i - 2*i. Suppose -18*w + 164 = -17*w. What is the units digit of (-12)/i - w/(-4)?
5
Suppose c - 5*c + 17 = 3*f, 15 = 5*f. What is the tens digit of (161572/186)/(c/3)?
0
Suppose 2*b - 2 = -5*h - 14, -2*h - 7 = 3*b. Let f be (h/4)/(2/(-16)). What is the units digit of (6/3 - -36)*f?
2
Let p = -25 + 30. Suppose -4*b - 5*i - 14 = 0, 3*b + p*i + 12 = b. Let q(g) = -168*g**3 - g**2 + g + 2. What is the tens digit of q(b)?
6
Let l(u) = -u**3 + 9*u**2 - 15. Let h be l(8). Let c = h - 52. What is the units digit of (-1)/c + 370/15?
5
Let u(p) = 15*p - 1529. What is the hundreds digit of u(119)?
2
Suppose -5 + 1 = 4*r, -4*r = 3*u - 119. Let b = -279 - -468. Let i = b - u. What is the tens digit of i?
4
Suppose 2*d + 6*d = -0*d. Suppose d = -h + 825 - 185. What is the hundreds digit of h?
6
Let i(j) = -j**2 - 6*j - 1. Let c(h) = -h - 19. Let p be c(-14). Let w be i(p). Suppose w*a = -91 + 683. What is the hundreds digit of a?
1
Let u(r) = r**3 + r**2 - r + 1. Let t(j) = -3*j**2 - 2*j - 3. Let z(s) = t(s) + u(s). Let f be z(-1). What is the units digit of 15/(-6) - f - 130/(-4)?
2
Let f be (-9)/(2 + 14/(-4)). Suppose -3*y - x - f = -4*x, -4*y = -5*x + 12. Suppose 0 = -p + 5*j + 15, 5*p - 45 = y*p - 5*j. What is the units digit of p?
5
Let q = -595 - -1646. Suppose 212 + q = 3*w - 3*n, 5*n - 1729 = -4*w. What is the units digit of w?
6
Let l(w) = w**3 - 9*w**2 + 13*w - 26. Suppose -4*p = -5*p + 5, 5*s = -4*p + 60. Let b be l(s). Suppose 1790 = 8*g + b. What is the units digit of g?
2
Let j(w) = -w**3 + 37*w**2 + 52*w - 10. What is the tens digit of j(21)?
3
Let p(o) = -21*o - 50. Let r be p(-7). Let g = r + -110. What